{"id":122,"date":"2023-04-14T15:59:35","date_gmt":"2023-04-14T15:59:35","guid":{"rendered":"https:\/\/recetasdelmar.com\/?page_id=122"},"modified":"2023-12-29T11:58:44","modified_gmt":"2023-12-29T11:58:44","slug":"platija","status":"publish","type":"page","link":"https:\/\/recetasdelmar.com\/index.php\/platija\/","title":{"rendered":"platija"},"content":{"rendered":"\n<div class=\"wp-block-group alignfull has-white-color has-text-color has-background has-global-padding is-layout-constrained wp-block-group-is-layout-constrained\" style=\"background-color:#3fc5e6;padding-top:100px;padding-right:100px;padding-bottom:100px;padding-left:100px\">\n<div class=\"wp-block-columns alignwide is-layout-flex wp-container-core-columns-layout-1 wp-block-columns-is-layout-flex\">\n<div class=\"wp-block-column is-layout-flow wp-block-column-is-layout-flow\" style=\"flex-basis:33.33%\">\n<p class=\"has-large-font-size\"><strong>platija a la plancha con ajo y perejil<\/strong><\/p>\n\n\n\n<p class=\"has-medium-font-size\"><strong>ingredientes<\/strong><\/p>\n\n\n\n<ul>\n<li>2 Filetes de platija<\/li>\n\n\n\n<li>2 Dientes de ajo<\/li>\n\n\n\n<li>1 Rama de perejil fresco<\/li>\n\n\n\n<li>Aceite<\/li>\n\n\n\n<li>Pimienta<\/li>\n\n\n\n<li>Sal<\/li>\n<\/ul>\n\n\n\n<p>Esta forma de preparar el pescado se parece mucho a la meunere, que vimos en la limada. La diferencia es que en esta preparaci\u00f3n usaremos aceite de oliva en lugar de mantequilla y lo haremos en la plancha o en el horno, por lo que tendr\u00e1 menos grasa, aunque mantendr\u00e1 la jugosidad.<\/p>\n\n\n\n<p>Ponemos a calentar la plancha o el horno y mientras salpimentamos las piezas, y preparamos la salsa. <\/p>\n\n\n\n<p>Picamos el ajo y el perejil muy finos y lo ponemos en un mortero con un poco de aceite y mezclamos hasta conseguir una pasta. Vamos a\u00f1adiendo aceite y mezclando hasta conseguir una salsa l\u00edquida.<\/p>\n\n\n\n<p>Cuando tengamos la plancha o el horno caliente ponemos la platija.<\/p>\n<\/div>\n\n\n\n<div class=\"wp-block-column is-layout-flow wp-block-column-is-layout-flow\" style=\"flex-basis:66.66%\">\n<figure class=\"wp-block-image size-large\"><img decoding=\"async\" src=\"https:\/\/cigalmaracademy.files.wordpress.com\/2023\/02\/1000_f_10194000_amfd9b0blythelwtozooz3j7cnqpfih6-edited.jpg\" alt=\"\" class=\"wp-image-892\"\/><\/figure>\n\n\n\n<p>Si es a la plancha lo pondremos 2-4 minutos por cada lado y le echaremos la salsa cuando le demos la segunda vuelta. Si es al horno, lo pondremos en una bandeja con la salsa por encima y lo meteremos 15 minutos a 180\u00ba.<\/p>\n\n\n\n<p>Esta receta se puede servir acompa\u00f1ada de cualquier guranici\u00f3n aunque combina muy bien con una ensalada de tomates.<\/p>\n<\/div>\n<\/div>\n<\/div>\n\n\n\n<div class=\"wp-block-group alignwide is-style-default has-text-color is-layout-flow wp-block-group-is-layout-flow\" style=\"color:#1f4c88;padding-top:0px;padding-right:0px;padding-bottom:0px;padding-left:0px\">\n<div class=\"wp-block-columns alignwide is-layout-flex wp-container-core-columns-layout-2 wp-block-columns-is-layout-flex\">\n<div class=\"wp-block-column is-layout-flow wp-block-column-is-layout-flow\" style=\"flex-basis:33.33%\">\n<p class=\"has-large-font-size\"><strong>tempura de limanda<\/strong><\/p>\n\n\n\n<p class=\"has-medium-font-size\"><strong>ingredientes<\/strong><\/p>\n\n\n\n<ul>\n<li>300g Plajita<\/li>\n\n\n\n<li>60g Harina<\/li>\n\n\n\n<li>30g Maicena<\/li>\n\n\n\n<li>1 huevo<\/li>\n\n\n\n<li>Agua muy fria<\/li>\n\n\n\n<li>Aceite&nbsp;<\/li>\n\n\n\n<li>Pimienta<\/li>\n\n\n\n<li>Sal<\/li>\n<\/ul>\n\n\n\n<p style=\"font-size:clamp(14px, 0.875rem + ((1vw - 3.2px) * 0.455), 18px);\">Esta tempura parece sencilla pero tiene sus trucos, el m\u00e1s importante es mantener la masa fria y eso lo podemos conseguir poniendo nuestro cuenco sobre otro con agua y hielo.<\/p>\n\n\n\n<p>Para hacer la masa debemos mezclar los ingredientes con cuidado dejando algunos grumos. Cortaremos la platija en trozos o la usamos entera, tambi\u00e9n podemos utilizar verduras e incluso carnes.<\/p>\n\n\n\n<p>Calentamos el aceite a m\u00e1s o menos 175\u00ba no debe estar tan caliente como las frituras ni debemos dejar que humee.<\/p>\n<\/div>\n\n\n\n<div class=\"wp-block-column is-layout-flow wp-block-column-is-layout-flow\" style=\"flex-basis:66.66%\">\n<figure class=\"wp-block-image size-large\"><img decoding=\"async\" src=\"https:\/\/cigalmaracademy.files.wordpress.com\/2023\/02\/1000_f_182186705_zzqnzxvjcbtro2mzdcdrbrfm6j7youed.jpg?w=1000\" alt=\"\" class=\"wp-image-873\"\/><\/figure>\n\n\n\n<p>Ba\u00f1amos las piezas en la masa  y las pasamos al aceite. Las tendremos ah\u00ed durante unos minutos sin que lleguen a tostarse, con esta masa no vamos a conseguir en mismo efecto que con una fritura normal.<\/p>\n\n\n\n<p>Cuando est\u00e9 listo, lo retiramos y lo ponemos sobre papel absorbente, lo servimos aun caliente con una guarnici\u00f3n al gusto y lim\u00f3n para darle un toque \u00e1cido.<\/p>\n<\/div>\n<\/div>\n\n\n\n<div style=\"height:70px\" aria-hidden=\"true\" class=\"wp-block-spacer\"><\/div>\n\n\n\n<div class=\"wp-block-columns alignwide is-layout-flex wp-container-core-columns-layout-3 wp-block-columns-is-layout-flex\">\n<div class=\"wp-block-column is-layout-flow wp-block-column-is-layout-flow\" style=\"flex-basis:33.33%\">\n<p class=\"has-large-font-size\"><strong>platija al lim\u00f3n con trigueros y alcaparras<\/strong><\/p>\n\n\n\n<p class=\"has-medium-font-size\"><strong>ingredientes<\/strong><\/p>\n\n\n\n<ul>\n<li>2 filetes de Plajita<\/li>\n\n\n\n<li>Zumo 1 Lim\u00f3n<\/li>\n\n\n\n<li>150g Esp\u00e1rragos<\/li>\n\n\n\n<li>Alcaparras<\/li>\n\n\n\n<li>\u00bd Vaso de vino blanco<\/li>\n\n\n\n<li>Pimienta blanca y negra<\/li>\n\n\n\n<li>Sal<\/li>\n<\/ul>\n\n\n\n<p style=\"font-size:clamp(14px, 0.875rem + ((1vw - 3.2px) * 0.455), 18px);\">Precalentamos el horno a 210\u00ba y mientras preparamos dos bandejas de horno, en una colocaremos un papel de horno y dispondremos los esp\u00e1rragos separados con un poco de sal y aceite. <\/p>\n\n\n\n<p style=\"font-size:clamp(14px, 0.875rem + ((1vw - 3.2px) * 0.455), 18px);\">En la otra bandeja colocaremos en un recipiente de horno los filetes salpimentados con el zumo de lim\u00f3n, el vino blanco y el aceite de oliva. Horneamos a 180\u00ba durante 15 minutos.<\/p>\n<\/div>\n\n\n\n<div class=\"wp-block-column is-layout-flow wp-block-column-is-layout-flow\" style=\"flex-basis:66.66%\">\n<figure class=\"wp-block-image size-large is-resized\"><img loading=\"lazy\" decoding=\"async\" src=\"https:\/\/cigalmaracademy.files.wordpress.com\/2023\/02\/stock-photo-lemon-sole-with-butter-and-capers-sauce-and-asparagus-1731459175-2.jpg?w=1024\" alt=\"\" class=\"wp-image-885\" width=\"784\" height=\"515\"\/><\/figure>\n\n\n\n<p>Mientras esperamos, preparamos unas alcaparras para acompa\u00f1ar, calentamos aceite a fuego alto y echamos las alcaparras al aceite y las fre\u00edmos durante 1-2 minutos, las retiramos y reservamos.<\/p>\n\n\n\n<p>Servimos el pescado con una raci\u00f3n de trigueros y colocamos las alcaparras por encima.<\/p>\n<\/div>\n<\/div>\n<\/div>\n\n\n\n<div style=\"height:100px\" aria-hidden=\"true\" class=\"wp-block-spacer\"><\/div>\n\n\n\n<div class=\"wp-block-group alignfull has-white-color has-text-color has-background has-global-padding is-layout-constrained wp-block-group-is-layout-constrained\" style=\"background-color:#1f4c88;padding-top:100px;padding-right:100px;padding-bottom:100px;padding-left:100px\">\n<div class=\"wp-block-columns alignwide is-layout-flex wp-container-core-columns-layout-4 wp-block-columns-is-layout-flex\">\n<div class=\"wp-block-column is-layout-flow wp-block-column-is-layout-flow\" style=\"flex-basis:33.33%\">\n<p class=\"has-large-font-size\"><strong>platija al horno con verduras<\/strong><\/p>\n\n\n\n<p class=\"has-medium-font-size\"><strong>ingredientes<\/strong><\/p>\n\n\n\n<ul>\n<li>1 filetes de Plajita<\/li>\n\n\n\n<li>1 Lim\u00f3n<\/li>\n\n\n\n<li>2 Dientes de ajo<\/li>\n\n\n\n<li>Perejil fresco<\/li>\n\n\n\n<li>150g Tomates<\/li>\n\n\n\n<li>150g Pimiento rojo<\/li>\n\n\n\n<li>100g de Br\u00f3coli<\/li>\n\n\n\n<li>1 Cebolla grande<\/li>\n\n\n\n<li>Aceite<\/li>\n\n\n\n<li>Pimienta<\/li>\n\n\n\n<li>Sal<\/li>\n<\/ul>\n\n\n\n<p>Comenzamos precalentando el horno a 180\u00ba. Lavamos las verduras y las cortamos en trozos grandes las disponemos en una fuente de horno con \u00a0la platija partida a la mitad.<\/p>\n\n\n\n<p>Hacemos una salsa con aceite de oliva, ajo picado, perejil picado y romero y lo echamos encima del pescado y las verduras, podemos a\u00f1adir zumo de lim\u00f3n para darlo acidez. <\/p>\n<\/div>\n\n\n\n<div class=\"wp-block-column is-layout-flow wp-block-column-is-layout-flow\" style=\"flex-basis:66.66%\">\n<figure class=\"wp-block-image size-large\"><img decoding=\"async\" src=\"https:\/\/cigalmaracademy.files.wordpress.com\/2023\/02\/1000_f_97982207_yfippu4rwten9gunwu9flmbhcgivuhdj-1-edited-1.jpg\" alt=\"\" class=\"wp-image-902\"\/><\/figure>\n\n\n\n<p>Metemos todo al horno por 15-18 minutos y retiramos cuando est\u00e9 cocinado.<\/p>\n\n\n\n<p>Servimos el pescado en porciones con la verdura.<\/p>\n<\/div>\n<\/div>\n<\/div>\n\n\n\n<div style=\"margin-top:0;margin-bottom:0;height:55px\" aria-hidden=\"true\" class=\"wp-block-spacer\"><\/div>\n\n\n\n<div class=\"wp-block-group alignfull has-text-color is-layout-flow wp-container-core-group-layout-4 wp-block-group-is-layout-flow\" style=\"color:#11266d;margin-top:0px;margin-bottom:0px;padding-top:var(--wp--preset--spacing--30);padding-right:var(--wp--preset--spacing--30);padding-bottom:var(--wp--preset--spacing--30);padding-left:var(--wp--preset--spacing--30)\">\n<div class=\"wp-block-columns is-layout-flex wp-container-core-columns-layout-5 wp-block-columns-is-layout-flex\">\n<div class=\"wp-block-column is-layout-flow wp-block-column-is-layout-flow\">\n<figure class=\"wp-block-embed is-type-video is-provider-youtube wp-block-embed-youtube wp-embed-aspect-16-9 wp-has-aspect-ratio\"><div class=\"wp-block-embed__wrapper\">\n<iframe loading=\"lazy\" title=\"PESCADO AL LIM\u00d3N \ud83c\udf4b WOW SALSA CREMOSA!!! R\u00c1PIDA Y ECON\u00d3MICA con menos de $5.00 d\u00f3lares\" width=\"500\" height=\"281\" src=\"https:\/\/www.youtube.com\/embed\/QMmQ3xEZLxE?feature=oembed\" frameborder=\"0\" allow=\"accelerometer; autoplay; clipboard-write; encrypted-media; gyroscope; picture-in-picture; web-share\" allowfullscreen><\/iframe>\n<\/div><figcaption class=\"wp-element-caption\"><strong>Pescado al lim\u00f3n Wow Salsa Cremosa! R\u00e1pida y Econ\u00f3mica con menos de 5 d\u00f3lares<\/strong> | Fuego en la cocina<\/figcaption><\/figure>\n\n\n\n<figure class=\"wp-block-embed is-type-video is-provider-youtube wp-block-embed-youtube wp-embed-aspect-16-9 wp-has-aspect-ratio\"><div class=\"wp-block-embed__wrapper\">\n<iframe loading=\"lazy\" title=\"Gallo a la plancha\" width=\"500\" height=\"281\" src=\"https:\/\/www.youtube.com\/embed\/SUOmAG8YnqM?feature=oembed\" frameborder=\"0\" allow=\"accelerometer; autoplay; clipboard-write; encrypted-media; gyroscope; picture-in-picture; web-share\" allowfullscreen><\/iframe>\n<\/div><figcaption class=\"wp-element-caption\"><strong>Gallo a la plancha <\/strong>| La cocina de Gibello<\/figcaption><\/figure>\n\n\n\n<figure class=\"wp-block-embed is-type-video is-provider-youtube wp-block-embed-youtube wp-embed-aspect-16-9 wp-has-aspect-ratio\"><div class=\"wp-block-embed__wrapper\">\n<iframe loading=\"lazy\" title=\"GALLO AL HORNO con lim\u00f3n \ud83d\udc1f\ud83c\udf4b En 20 minutos lo tienes listo \u00a1DELICIOSO!\" width=\"500\" height=\"281\" src=\"https:\/\/www.youtube.com\/embed\/NIsoQKNqjyQ?feature=oembed\" frameborder=\"0\" allow=\"accelerometer; autoplay; clipboard-write; encrypted-media; gyroscope; picture-in-picture; web-share\" allowfullscreen><\/iframe>\n<\/div><figcaption class=\"wp-element-caption\"><strong>GALLO AL HORNO con lim\u00f3n \ud83d\udc1f\ud83c\udf4b En 20 minutos lo tienes listo \u00a1DELICIOSO!<\/strong> | La caupona<\/figcaption><\/figure>\n<\/div>\n\n\n\n<div class=\"wp-block-column is-layout-flow wp-block-column-is-layout-flow\">\n<figure class=\"wp-block-embed is-type-video is-provider-youtube wp-block-embed-youtube wp-embed-aspect-16-9 wp-has-aspect-ratio\"><div class=\"wp-block-embed__wrapper\">\n<iframe loading=\"lazy\" title=\"Receta de pescado platija ala francessa\" width=\"500\" height=\"281\" src=\"https:\/\/www.youtube.com\/embed\/3RZAAQPZwm4?feature=oembed\" frameborder=\"0\" allow=\"accelerometer; autoplay; clipboard-write; encrypted-media; gyroscope; picture-in-picture; web-share\" allowfullscreen><\/iframe>\n<\/div><figcaption class=\"wp-element-caption\"><strong>Receta de pescado a la francesa<\/strong> | Fuentes cooking academy<\/figcaption><\/figure>\n\n\n\n<figure class=\"wp-block-embed is-type-video is-provider-youtube wp-block-embed-youtube wp-embed-aspect-16-9 wp-has-aspect-ratio\"><div class=\"wp-block-embed__wrapper\">\n<iframe loading=\"lazy\" title=\"GALLO ENCEBOLLADO - RECETAS PESCADO\" width=\"500\" height=\"281\" src=\"https:\/\/www.youtube.com\/embed\/ALM2TMTEA8M?feature=oembed\" frameborder=\"0\" allow=\"accelerometer; autoplay; clipboard-write; encrypted-media; gyroscope; picture-in-picture; web-share\" allowfullscreen><\/iframe>\n<\/div><figcaption class=\"wp-element-caption\"><strong>Gallo encebollado -Recetas pescado<\/strong> | Cocina f\u00e1cil con AB<\/figcaption><\/figure>\n\n\n\n<figure class=\"wp-block-embed is-type-video is-provider-youtube wp-block-embed-youtube wp-embed-aspect-16-9 wp-has-aspect-ratio\"><div class=\"wp-block-embed__wrapper\">\n<iframe loading=\"lazy\" title=\"GALLO CON REFRITO DE AJO | Receta f\u00e1cil de pescado\" width=\"500\" height=\"281\" src=\"https:\/\/www.youtube.com\/embed\/DggQNt4oHKY?feature=oembed\" frameborder=\"0\" allow=\"accelerometer; autoplay; clipboard-write; encrypted-media; gyroscope; picture-in-picture; web-share\" allowfullscreen><\/iframe>\n<\/div><figcaption class=\"wp-element-caption\"><strong>Gallo con refrito de ajo Receta f\u00e1cil de pescado<\/strong> | Cocina con mi madre<\/figcaption><\/figure>\n<\/div>\n\n\n\n<div class=\"wp-block-column is-layout-flow wp-block-column-is-layout-flow\">\n<figure class=\"wp-block-embed is-type-video is-provider-youtube wp-block-embed-youtube wp-embed-aspect-16-9 wp-has-aspect-ratio\"><div class=\"wp-block-embed__wrapper\">\n<iframe loading=\"lazy\" title=\"Receta de gallo o platija al horno de Daniele Lo Cascio\" width=\"500\" height=\"281\" src=\"https:\/\/www.youtube.com\/embed\/b5eAFSLQE2w?feature=oembed\" frameborder=\"0\" allow=\"accelerometer; autoplay; clipboard-write; encrypted-media; gyroscope; picture-in-picture; web-share\" allowfullscreen><\/iframe>\n<\/div><figcaption class=\"wp-element-caption\"><strong>Receta de gallo o platija al horno<\/strong> | Danielllambique tienda y cocina escuela<\/figcaption><\/figure>\n\n\n\n<figure class=\"wp-block-embed is-type-video is-provider-youtube wp-block-embed-youtube wp-embed-aspect-16-9 wp-has-aspect-ratio\"><div class=\"wp-block-embed__wrapper\">\n<iframe loading=\"lazy\" title=\"GALLOS EN SALSA VERDE MUY F\u00c1CIL\" width=\"500\" height=\"281\" src=\"https:\/\/www.youtube.com\/embed\/Tl-sqjeti3o?feature=oembed\" frameborder=\"0\" allow=\"accelerometer; autoplay; clipboard-write; encrypted-media; gyroscope; picture-in-picture; web-share\" allowfullscreen><\/iframe>\n<\/div><figcaption class=\"wp-element-caption\"><strong>Gallos en salsa verde muy f\u00e1cil <\/strong>| Recetas de casa LM<\/figcaption><\/figure>\n\n\n\n<figure class=\"wp-block-embed is-type-video is-provider-youtube wp-block-embed-youtube wp-embed-aspect-16-9 wp-has-aspect-ratio\"><div class=\"wp-block-embed__wrapper\">\n<iframe loading=\"lazy\" title=\"Receta de Gallo rebozado con rulos de calabac\u00edn de Karlos Argui\u00f1ano\" width=\"500\" height=\"281\" src=\"https:\/\/www.youtube.com\/embed\/hp00c9u6eC8?feature=oembed\" frameborder=\"0\" allow=\"accelerometer; autoplay; clipboard-write; encrypted-media; gyroscope; picture-in-picture; web-share\" allowfullscreen><\/iframe>\n<\/div><figcaption class=\"wp-element-caption\"><strong>Receta de Gallo rebozado con rulos de calabac\u00edn de Karlos Argui\u00f1ano<\/strong> | Hogarmania<br><a href=\"https:\/\/www.youtube.com\/@hogarutil\"><\/a><br><\/figcaption><\/figure>\n<\/div>\n<\/div>\n<\/div>\n","protected":false},"excerpt":{"rendered":"<p>platija a la plancha con ajo y perejil ingredientes Esta forma de preparar el pescado se parece mucho a la meunere, que vimos en la limada. La diferencia es que en esta preparaci\u00f3n usaremos aceite de oliva en lugar de mantequilla y lo haremos en la plancha o en el horno, por lo que tendr\u00e1 [&hellip;]<\/p>\n","protected":false},"author":1,"featured_media":0,"parent":0,"menu_order":0,"comment_status":"closed","ping_status":"closed","template":"","meta":{"footnotes":""},"_links":{"self":[{"href":"https:\/\/recetasdelmar.com\/index.php\/wp-json\/wp\/v2\/pages\/122"}],"collection":[{"href":"https:\/\/recetasdelmar.com\/index.php\/wp-json\/wp\/v2\/pages"}],"about":[{"href":"https:\/\/recetasdelmar.com\/index.php\/wp-json\/wp\/v2\/types\/page"}],"author":[{"embeddable":true,"href":"https:\/\/recetasdelmar.com\/index.php\/wp-json\/wp\/v2\/users\/1"}],"replies":[{"embeddable":true,"href":"https:\/\/recetasdelmar.com\/index.php\/wp-json\/wp\/v2\/comments?post=122"}],"version-history":[{"count":4,"href":"https:\/\/recetasdelmar.com\/index.php\/wp-json\/wp\/v2\/pages\/122\/revisions"}],"predecessor-version":[{"id":247,"href":"https:\/\/recetasdelmar.com\/index.php\/wp-json\/wp\/v2\/pages\/122\/revisions\/247"}],"wp:attachment":[{"href":"https:\/\/recetasdelmar.com\/index.php\/wp-json\/wp\/v2\/media?parent=122"}],"curies":[{"name":"wp","href":"https:\/\/api.w.org\/{rel}","templated":true}]}}